ist the prime factors of o.
2, 89
Suppose 2*t - 371 = -417. Let f(m) = -6*m + 23. What are the prime factors of f(t)?
7, 23
Let y = -153 - -149. What are the prime factors of 250 + -1 + y/(-1) + -1?
2, 3, 7
Let f = 8502 - 3390. List the prime factors of f.
2, 3, 71
Suppose -5*c + 8*c + 3*i = 0, -2*c = -2*i - 8. Suppose -347 + 77 = -c*j. Suppose 3*y = -0*y + j. List the prime factors of y.
3, 5
Let q be 1*5 - (-52)/(-52). Suppose 0 = 5*k - y - 946, 4*y = q*k + 2*y - 752. List the prime factors of k.
2, 5, 19
Suppose 6240 = -3*c + 27*c. Suppose 0 = 5*g - b - 1004 - c, g + 4*b = 236. What are the prime factors of g?
2, 3, 7
Let u be (81/(-18) + 4)*-10. Suppose 0 = 3*m - u*r - 3158, 3*m - 2*m = -3*r + 1076. What are the prime factors of m?
1061
Suppose 2*n - 104 = -4*l, 0*n - 12 = 3*n. Suppose -z + 4*f - 10 = -0, f = -4*z + l. Suppose 0 = z*r - 463 + 55. What are the prime factors of r?
2, 17
Suppose 525 = -18*y + 3*y. Let z(n) = n**3 + 35*n**2 - 4*n - 51. What are the prime factors of z(y)?
89
Let j(t) = t**3 - 18*t**2 + 18*t - 16. Let v be j(17). Suppose 2 = z - v, -5*c + z + 702 = 0. What are the prime factors of c?
3, 47
Suppose -7*y - 8*y = -59445. Suppose -3*h + 3*z = -y, 3*h = z - 6*z + 3931. List the prime factors of h.
3, 439
Suppose 5*c - 18185 = 9970. List the prime factors of c.
3, 1877
Let m(a) be the third derivative of 7*a**5/15 + a**4/4 - 5*a**3/3 - 60*a**2. List the prime factors of m(3).
2, 5, 13
Let w(r) be the second derivative of r**3/6 + 14*r**2 - r. Suppose 0 = 3*v + 3*c + 30, -2*v - 8 - 6 = -4*c. What are the prime factors of w(v)?
19
Let u(f) = 96*f**2 - 28*f + 4. Let d be u(-5). Suppose -4*n - 4*r + d = 0, n - 336 = r + 306. List the prime factors of n.
3, 71
Let a be (-35)/(-7)*(-1 + 6). Let n = 42 - a. What are the prime factors of n?
17
Let a(v) = -v + 8. Let y be a(5). Suppose 4 + 2 = y*b. Suppose 0 = -b*f + 4*d + 94, f + 2*d = -3*f + 148. What are the prime factors of f?
3, 13
Let l be (-4)/8*58/(-1). Let r = 899 - 899. Suppose -v + 5 + l = r. List the prime factors of v.
2, 17
Suppose 2*h - 5*f = -243, -5*h - 4*f + 0*f - 558 = 0. Let c(q) = -4*q**3 + 18*q**2 + 14*q + 3. Let o be c(6). Let l = h - o. List the prime factors of l.
3, 5
Let u = 690 + -698. What are the prime factors of (-60)/(-45)*30*(-14)/u?
2, 5, 7
Suppose 0 = 5*p + 2*i - 40604, -291*p + 287*p = 5*i - 32473. What are the prime factors of p?
2, 31, 131
Suppose 3249 = 6*d - 4899. Suppose 862 = 2*y - 4*g, -4*g + 769 = 5*y - d. List the prime factors of y.
7, 61
Let d be -1 + (-1)/(4/(-12)). Suppose 0 = -5*b + 15, 0 = -3*p - d*b + 2699 + 928. What are the prime factors of p?
17, 71
Suppose -12*x - 460 = -5*d - 17*x, 5*x = 5*d - 410. Let o = 9 + -25. Let a = d + o. List the prime factors of a.
71
Suppose -67*k - 2207 = -3*p - 63*k, 3*p = -4*k + 2239. List the prime factors of p.
3, 13, 19
Suppose 0*p - 5*c = -5*p, -4*p = -5*c. Suppose 5*f - h - 3594 = p, h - 2877 = f - 5*f. List the prime factors of f.
719
Let k(s) = 35*s**3 - 16*s**2 + 9*s + 15. List the prime factors of k(5).
3, 5, 269
Suppose 3*k + r - 67630 = 0, k - 3*r + 10377 = 32947. What are the prime factors of k?
2, 11273
Let k be 9 + (3 + 3 - -126). Suppose 8955 = 146*z - k*z. List the prime factors of z.
3, 199
Suppose -3729 = -2*b - u, 5*u - 7461 = -2*b - 2*b. Suppose 0 = -19*i + 2297 + b. What are the prime factors of i?
3, 73
Let n(h) be the second derivative of -15*h**5/4 - h**4/12 + h**3/2 + h**2/2 - 4*h - 2. What are the prime factors of n(-2)?
3, 197
Let j be 9*-1 + 416/32. Suppose -5*v = 5, -2*v - 3*v = -2*t + 443. Suppose -t = -j*c + 177. List the prime factors of c.
3, 11
Let g = 31282 - -13483. What are the prime factors of g?
5, 7, 1279
Suppose 221*b = 5055880 + 3158469. What are the prime factors of b?
11, 31, 109
Let o be ((-36)/(-39))/(-6) - 51398/26. Let v = -600 - o. List the prime factors of v.
3, 17
Let w = 6839 - -2205. List the prime factors of w.
2, 7, 17, 19
List the prime factors of (-1)/((0 - (-4)/33316)/(-1)).
8329
Let x = -79 - -219. Let r = x + 178. What are the prime factors of r?
2, 3, 53
Suppose 4*u - 60 = -6*u. Suppose -3*v + u*a - 2*a = -1046, 3*v + 4*a - 1006 = 0. What are the prime factors of v?
2, 3, 19
Suppose 5*v - 1106 = 3*h, 5*v - 8*v + 662 = -h. Let a be (-4)/(3*(-4)/(-390)). Let z = a + v. What are the prime factors of z?
2, 3, 5
Suppose 0 = 2*j - 4*p - 14492, 81*j = 85*j + 5*p - 28893. List the prime factors of j.
2, 113
Let b(q) = 12*q + 135*q**2 - 35*q**2 + 9 + 62*q**2 + 2 - 4*q. List the prime factors of b(3).
1493
Let x(k) = -10688*k + 89. What are the prime factors of x(-1)?
13, 829
Let q(x) = -10*x**3 - 4*x**2 - 4*x - 2. Let n be q(-2). Let v(c) = -c**3 - 21*c**2 - 37*c + 26. Let s be v(-19). Let f = s + n. List the prime factors of f.
7, 11
Let r(w) = 103*w - 185. Let a be r(5). Suppose 7*y - 62 - a = 0. List the prime factors of y.
2, 7
Let q = -359 - -388. Suppose 389 = -q*v + 33*v - 5*u, -5*v + 4*u + 493 = 0. What are the prime factors of v?
101
Suppose 3*v + 4*l - 972 = 0, 3*l = 5*v - 1836 + 216. Let b = 416 - v. What are the prime factors of b?
2, 23
Suppose 5*f = 5, f - 5*f = 2*y - 4090. Let r = -958 + y. What are the prime factors of r?
5, 7, 31
Let p = 191 + -167. What are the prime factors of (0 - (-702)/p)*12?
3, 13
Suppose -9*q + 1292 = -7*q - 3*t, 5*q + 3*t - 3230 = 0. Let x = q + -537. List the prime factors of x.
109
Suppose -12*l - 1626730 = -7*l. What are the prime factors of 2/(14/3) + l/(-833)?
17, 23
Suppose -s = -3*c - 44415, 1761*c + 133157 = 3*s + 1763*c. What are the prime factors of s?
3, 14797
What are the prime factors of (336/(-105))/(10/(-20) + (-76044)/(-152120))?
2, 3803
Suppose 20*c + 48 = 18*c. Let d = 26 + c. Suppose -d*h + 270 = 4*o, 0 = -2*h - 3*o + 7*o + 246. List the prime factors of h.
3, 43
Let k(j) = -j**3 - 6*j**2 + 5*j - 14. Let b = -34 + 27. Let v be k(b). Suppose -3*m = -v*m - 333. What are the prime factors of m?
3, 37
List the prime factors of (20991/(-27))/(4/(-36)).
6997
Let k be (-35)/(-2 - 3) + 1 + 2. Let i(s) = -6*s + 1. Let m be i(1). What are the prime factors of 25/k*4/m + 118?
2, 29
Let b = 10702 + -3584. List the prime factors of b.
2, 3559
Let j(t) = 22*t - 3. Suppose 3*z + 4*q - 65 = 0, 78 = 5*z + q - 19. Suppose -d + 29 = 4*x, x - 5*d + z = -0*x. What are the prime factors of j(x)?
3, 43
Let a(c) = 41*c + 1673. List the prime factors of a(-19).
2, 3, 149
What are the prime factors of (-24)/10 + 1715094/810?
3, 5, 47
Let s be -3 + (-5)/((-15)/2427). Let k = -428 + s. Let j = 643 - k. List the prime factors of j.
5, 53
Let j = 2890 + -2900. Let d(z) = 2*z**2 + 4*z + 1. Let q be d(-3). What are the prime factors of ((-98)/q)/(j/4 - -2)?
2, 7
List the prime factors of ((-1)/3 - (-760)/1560) + 744912/91.
2, 4093
Suppose -898443 + 279780 = -27*o - 3*j, -2*o - 4*j + 45842 = 0. What are the prime factors of o?
11, 2083
Let i = 843 + -497. Suppose -4*t = z - 155, 2*z - 2*t - 2*t = i. What are the prime factors of z?
167
Let a = -207 - -81. What are the prime factors of a/(-2 + 3)*(-4)/12?
2, 3, 7
Let v = -10879 + 11833. What are the prime factors of v?
2, 3, 53
Let i = 40594 + -19320. List the prime factors of i.
2, 11, 967
Let w(g) = 8*g**2 - 9*g - 26. Suppose -4*k = -4*j - 32, 0*j = 4*j + 4*k + 16. What are the prime factors of w(j)?
2, 79
Suppose 0 = -8*j + 74 + 54. Suppose -3*g = j*g - 6840. What are the prime factors of g?
2, 3, 5
Let z(t) = 178*t**3 + 5*t - 3. What are the prime factors of z(3)?
2, 3, 11, 73
Let q(k) = -5*k - 21. Let b be q(-9). Let c = -24 + b. Suppose c = -3*y - 0*y + 153. What are the prime factors of y?
3, 17
Let z(r) = 0*r**3 + r + 73*r**3 - 11 - 22*r**3 + 2*r**2 + 3*r. What are the prime factors of z(2)?
7, 59
What are the prime factors of ((-977403)/(-207) - (-8)/(-92))/(5/30)?
2, 5, 2833
Let x be (-2)/(-12) + (9118/12 - -7). Suppose 3*p = x - 80. List the prime factors of p.
229
Suppose 0 = 5*g + 4*i - 28909, 28903 = 5*g + 165*i - 167*i. What are the prime factors of g?
3, 41, 47
Suppose 21*o - 12029 = 5*o + 212435. List the prime factors of o.
14029
Suppose 35*f - 31*f + 12612 = 2*v, 5*v - 3*f = 31565. What are the prime factors of v?
2, 1579
Suppose 46*k - 4*d - 87780 = 42*k, d = -3. List the prime factors of k.
2, 3, 23, 53
Suppose -2*g - 608 = 4*s, -2*s = -